. What is m(4)?
8
Let g be (-4)/(-16) - (-13)/(-4). Let k(t) = -1 + 3 + 3*t - 4*t. Determine k(g).
5
Let s(h) = -3 + 0 - 2 + h**2 + 3*h. Suppose -2*l - 8 = -0. Give s(l).
-1
Let u(g) = -g**2 - 2*g. Suppose -5*d = -x + 6*x, 4*x + 2 = -3*d. Determine u(x).
0
Let m(t) = -t**2 + 5. Let b be ((-9)/6)/((-9)/12). Let d be -1*(b + -5 + 3). Determine m(d).
5
Suppose -3*l + 2*s = -0*l - 8, 0 = -5*l - 4*s + 6. Let f(r) = 4*r + 1. Determine f(l).
9
Let j(y) = -y**3 - 4*y**2 + 6*y - 2. Let g be j(-5). Let l = g + 9. Let p(v) = v**2 - v + 2. What is p(l)?
4
Let c(p) = p**2 + 0*p**2 + 0 - 7*p - 1. Let n = -157 - -163. Calculate c(n).
-7
Suppose 5 = -a + 3*z, -3*a - 8 = -a - 5*z. Let g be 12*(3/(-2) + a). Let d(v) = v**3 + 7*v**2 + 8*v + 7. Give d(g).
-5
Let s(u) = 4*u**2 + 2*u - 2. Let n be s(-2). Suppose -5*p + n*p - 25 = 0. Let h(d) = 2*d - 4. What is h(p)?
6
Let y(v) = -17*v**2 + 5 + 2*v - 6*v + 40*v**2 - 22*v**2. Suppose -6 = -5*a - 2*r + 9, -4*a - r + 15 = 0. What is y(a)?
10
Let o(m) = m**2 - 4*m - 4. Let k = -5 - -11. Calculate o(k).
8
Let s(u) be the first derivative of -u**3/3 + 5*u**2/2 - 8*u - 2. Determine s(7).
-22
Let c(d) be the second derivative of d**7/840 + d**6/120 - d**5/30 + d**4/12 - d**3/3 - 4*d. Let j(n) be the second derivative of c(n). What is j(-4)?
2
Let b(c) = 2*c - 5. Let f be b(4). Let o(y) = -f - 4 + 3 - y - y. Give o(-3).
2
Let k = -4 + 3. Let d be -3 - -3 - (k + 1). Let q(s) be the third derivative of s**6/120 + s**3/2 + s**2. Give q(d).
3
Let h = 9 - 10. Let b(u) = 4*u + 4. Let z(v) = -v. Let f(w) = h*b(w) - 5*z(w). Calculate f(-4).
-8
Let d be 3/9 - (-10)/15. Let a(m) = -m**2 + m. Let c(k) = -2*k**2 - 3*k + 1. Let b(j) = 2*a(j) + c(j). Calculate b(d).
-4
Let t(q) = -4*q**2 + 2*q - 6. Let b(a) = -11*a**2 + 5*a - 17. Let x = 10 - -12. Let s = 16 - x. Let j(u) = s*b(u) + 17*t(u). What is j(3)?
-6
Let n(k) = k - 1. Let f(o) = -3*o + 1. Suppose -t + 0 - 4 = 0. Let g(r) = t*n(r) - 2*f(r). What is g(-3)?
-4
Let p(m) = 8*m + 2. Let f(d) = -12*d - 3. Let q(v) = 5*f(v) + 7*p(v). Determine q(1).
-5
Let f(s) = 3*s + 1. Let k(h) = 0 - h**2 - 3 + 1 + 2*h + 0*h. Let a be k(3). Give f(a).
-14
Let p = 13 - 9. Let r(j) = -79*j + p + 79*j - 4*j**2 - j**3. Calculate r(-3).
-5
Let a(f) = f - 1. Suppose 16 = -3*z - 23. Let v be (-2)/(-3) - z/3. Suppose -2 = -5*k - o, -2*k - o - 3 = -v. Determine a(k).
-1
Let c(v) = v + 3*v - 4 + 12 + v**3 - v**2 - 5*v. Calculate c(0).
8
Let a = -1 - -3. Let m be 4/(-14) + (-74)/(-14). Suppose -12 = -m*w - a. Let y(t) = t**3 + 2*t - 3. What is y(w)?
9
Let k be (-1 - (1 + -1)) + 1. Suppose 5*a - 28 + 8 = k. Suppose 0 = -4*i - y - 6, 2*i + a*y - 18 = 7*i. Let r(f) = f**3 + 2. Determine r(i).
-6
Let k(r) = -3*r**3 + 7*r**2 - 2*r + 11. Let d(u) = 2*u**3 - 7*u**2 + 3*u - 11. Let i(x) = 4*d(x) + 3*k(x). Calculate i(-8).
5
Let n be 8*(4 + 45/(-12)). Let a(k) = -3*k + 4. Give a(n).
-2
Let s = 20 - 17. Let x(c) = c**s + 8 + 2*c + 0*c**2 - c**2 - 4*c - 5*c**2. Determine x(6).
-4
Suppose -10 = -5*d + 20. Let m(c) = -2*c + 4. Let i(u) = 1. Let f(w) = d*i(w) - m(w). Let h be (79 - 82)/(-1*(-6)/(-4)). What is f(h)?
6
Let u(k) be the third derivative of k**2 - 1/12*k**4 + 1/6*k**3 + 0 + 0*k - 1/12*k**5. Let b be -2 + (0 - -3 - 0). What is u(b)?
-6
Let z(r) = 3*r**2 - 5*r - 1. Let g(y) = 10*y**2 - 15*y - 3. Let u(o) = 2*g(o) - 7*z(o). Let w be u(5). Let i(h) = 4 - h**2 - 7*h**3 + h - 5 + 0. Calculate i(w).
-8
Let b(u) = 4*u + 0*u + 2*u - 1 - 2*u - 2*u**2. Give b(3).
-7
Let o be (20/(-12))/(1/(-3)). Let q(l) be the first derivative of -l**3/3 + 5*l**2/2 + 5*l + 1. Calculate q(o).
5
Let a(n) = -3*n - 4. Let v(u) = -1. Let m(z) = a(z) - 5*v(z). Let x(t) = -2*t + 10. Let i be x(4). Calculate m(i).
-5
Let v(u) be the third derivative of u**4/12 + u**3/2 + 35*u**2. What is v(-2)?
-1
Suppose 0 = i - 3*i + 8. Let j(d) = 2*d - 4. Determine j(i).
4
Suppose -2*u + 3*u = -3. Let b(y) = 14*y**2 + y. Let v(x) = -5*x**2. Suppose 19 = -3*g + 3*c + 7, 0 = -3*g + c - 12. Let h(q) = g*b(q) - 11*v(q). What is h(u)?
3
Suppose 0 = 6*i - 3*i. Let j(h) = -h**3 - h**2 - 3*h + 7. Let m(b) = -4*b**3 - 3*b**2 - 10*b + 20. Let a(g) = -7*j(g) + 2*m(g). Determine a(i).
-9
Suppose -6*y + 7*y + 5 = 0. Let k(l) = -l - 3. Let j(h) = 1. Suppose 3*d - q = -6, 4*d - 2*d - 5*q + 17 = 0. Let a(s) = d*k(s) - 3*j(s). Determine a(y).
-5
Suppose -3*y = -6*y + 5*d - 10, 3*d = 4*y - 5. Suppose 4*x - 37 = y*u, -5*u + 5*x = 21 + 19. Let t(c) = -c + 2. What is t(u)?
7
Let w(h) = -5*h**2 + 15*h - 5. Let x(p) = -3*p**2 + 8*p - 3. Let j(y) = -4*w(y) + 7*x(y). Give j(-5).
-6
Let d = 1 - -2. Suppose -3*k = -h + 10, -d*h + 4 + 11 = -4*k. Let l(z) = z**3 + 4*z**2 - z - 4. Give l(k).
8
Let w(i) be the first derivative of -2 - 1/120*i**6 + 0*i - i**2 + 1/20*i**5 + 1/12*i**4 + 0*i**3. Let m(r) be the second derivative of w(r). What is m(3)?
6
Let x(f) = -29*f**2 + 3 + 28*f**2 + 2*f - 3. Suppose -l + 3*c = -7, -5*l - 5 = -c - 26. Determine x(l).
-8
Let r(l) be the second derivative of -l**5/20 - 5*l**4/12 - l**3/3 - l**2/2 - 20*l. Give r(-4).
-9
Let q = 23 + -18. Suppose -q*n - 6*b = -b - 40, -3*b = -9. Let j(a) = -a + 7. Give j(n).
2
Let y(n) be the third derivative of 13*n**6/120 - n**5/30 + n**3/6 - 5*n**2. Give y(-1).
-14
Let v(s) = s**2 - 6*s + 6. Let c(q) = -q**2 + 6*q - 3. Let j be c(2). Determine v(j).
1
Suppose 0 = -3*v + 67 - 58. Suppose -3 = -2*o - 5, 0 = d + 5*o. Let x(c) = -3*c - 3 + d*c + 2*c. Determine x(v).
9
Let k(l) = 5*l - 3. Let d(z) = -z + 4. Let v be d(2). What is k(v)?
7
Let n be 4 - (1*-1)/1. Let u(m) = m - 1. Let w = 2 + -1. Let l(b) = -4*b + 4. Let r(i) = w*l(i) + 3*u(i). Determine r(n).
-4
Let b(x) = -x**3 + 5*x**2 + 6*x - 4. Let w = -51 + 57. What is b(w)?
-4
Let u(p) = -p**3 - 2*p**2 + 6*p - 3. Let x be 8/(-4)*6/(-4). Let v(n) = 3*n**3 + 7*n**2 - 18*n + 9. Let b(r) = x*v(r) + 8*u(r). Give b(-6).
3
Let y(m) = -m**3 - 5*m**2 + 4*m + 14. Let f be y(-6). Let g = 31 - f. Let p(o) = -o**2 + 4*o + 5. What is p(g)?
0
Suppose -3*p = a + 9, -3 = 2*a + p - 5. Let l(c) = -c**3 - 4*c**2 - c - 1. Let b be l(-4). Let f(k) = 3*k + 0*k**2 - k**2 - b + 0*k**2. Determine f(a).
-3
Suppose 24 - 4 = 5*i. Let c(q) = -7*q + 5. Let o(w) = 15*w - 10. Let s(u) = 9*c(u) + 4*o(u). Determine s(i).
-7
Let g(m) = 2*m + 3. Let v(a) be the first derivative of 7*a + 3*a**2 - a**2 - 1 - 3. Let c(o) = -14*g(o) + 6*v(o). What is c(-2)?
8
Let c be (-1)/(-2) + 36/8. Let p(s) = s**2 - 4*s - 3. Let w be p(5). Let b(v) = v**2 - v**2 + v**w + 0 - 6 - 4*v. What is b(c)?
-1
Let h(a) = a. Suppose 0 = -2*u + 3*u - 4. Let b(r) = 5*r - 2. Let x(t) = u*h(t) - b(t). Give x(2).
0
Suppose 2*k = -3*c - 3*k + 5, 1 = 2*c + k. Suppose p - 4*p - w + 14 = c, 0 = -2*w + 4. Let l(x) = -46*x**2 + 96*x**2 - 5 + 3*x + 1 - 51*x**2. Calculate l(p).
-8
Let c = 13 - 8. Let q(a) = c - 3 - 4 + a. Let r = -3 - 0. Calculate q(r).
-5
Let q(x) be the second derivative of x**4/12 - x**3 + 5*x**2/2 - 4*x. Let l(u) = -2*u + 6. Let o be l(0). What is q(o)?
5
Let x(z) = z**2 - 8*z + 6. Let g be x(6). Let l(k) = -k - 5. Let n be l(g). Let t(v) = v**3 + v**2 - v + 1. Give t(n).
2
Let l(f) = f - 1. Let s(d) = -2*d**3 - d**2. Let n = -3 - -3. Suppose -4*v = i - 7*v + 2, i - 4*v + 3 = n. Let q be s(i). What is l(q)?
-4
Let w(v) = -2*v**2 - 7*v + 2. Let u = 3 - 6. Let k(j) = -3*j**2 - 7*j + 1. Let q(y) = u*k(y) + 4*w(y). Calculate q(4).
-7
Let o(c) be the second derivative of -c**6/120 - c**5/15 - c**4/6 - c**3/6 + c**2/2 + c. Let a(b) be the first derivative of o(b). What is a(-3)?
2
Let u = -1 - -9. Suppose u = l + 5. Let x(g) = g**3 - 2*g**2 - 5*g + 2. Calculate x(l).
-4
Let a = -1 + -1. Let x be -6*(a/4)/1. Let q(c) = -5*c + 2*c + 3 + 0*c + c**2. Calculate q(x).
3
Let j(k) be the first derivative of 17*k**2/2 + 10*k + 1. Let b(x) = 11*x + 7. Let t(y) = -8*b(y) + 5*j(y). Let q be (-4 + 2/(-2))/1. Calculate t(q).
9
Suppose r + r + 6 = 0. Let x(f) = 0*f + 5 - 2*f - 1. Determine x(r).
10
Let x(p) be the second derivative of p**5/20 - p**4/3 + p**3/6 + 2*p**2 + p. Let v(o) = o**2 + 4*o - 5. Let k be v(-5). Let c be (k + 2)/1 + 1. Determine x(c).
-2
Suppose -4*m = 5 + 11. Let b = 6 - 10. Let o(z) = -3*z - 10. Let f(v) = 1. Let x(l) = b*f(l) - o(l). Give x(m).
-6
Let g(b) be the second derivative of -b**4/12 + b**3 + 2*b**2 + 17*b. Determine